.
-138
What is the value of 0 + (6 - 2) - ((9 - -17) + 214 + -159)?
-77
(-20 + -32 + 35 - 90) + -2 + 3
-106
Calculate 6657 - 6587 - (12 + -1).
59
What is the value of -2 + 0 + -13 + (-3555 - -3522)?
-48
Evaluate -6 + 12 + -11 + 19 + 30 + 1 + 8.
53
8 - (8 - (-25 - -34 - 35))
-26
Evaluate (-8 - -1) + -9 + -37 + (2 - (-1 + 10)).
-60
-24 + 92 + -29 + (6 + -8 - (-10 - -1))
46
What is the value of -44 + 56 + (-15 - (-7 - 1) - -3)?
8
25 - (-280 + 265 - (0 - 14))
26
1 + -2 - 51 - (-23 + -28 + 94 + -38)
-57
Calculate 42 + 25 - (-37 + -8).
112
Evaluate (-18 - (-9 + 7)) + -12 - -26.
-2
What is the value of -13 + (-205 - -207 - (-28 + -1))?
18
What is the value of -146 - (38 + 44 + -101)?
-127
Calculate -59 - (15 - (2 + -5 + 11 + 5) - 8).
-53
Evaluate (6 - -69) + 16 + (24 - 44).
71
Evaluate (16 - (118 + 2 + 17)) + 49.
-72
-18 + 13 + -13 + 2 + 33
17
(-11 - -1) + (-1 + 24 - 75)
-62
What is -23 + (-45 - -3) - (-26 - 1)?
-38
Evaluate 27 - (-2 + 2 + 1 + (-493 - -507)).
12
Evaluate -11 - (1 + -6 + (44 - 4 - 2)).
-44
What is 86 - (-69 - 8) - 50 - (1 - -14 - 1)?
99
-80 + 67 + -9 - 23
-45
Evaluate ((3 - 14) + 22 - 12) + -5 + -2 + 1.
-7
What is -4 - 97 - -169 - 98?
-30
Calculate -72 - ((-72 - (24 + -95)) + (2 - 0 - 7)).
-66
Calculate -1 + 5 + 1 - (180 + -101 + -107).
33
What is (-16 - -43) + -21 + (-7 - -5) + (71 - 1)?
74
Evaluate 414 + -377 - (-20 + 1 + 0).
56
What is the value of 42 + (-79 - -54) + (-5 - -5 - -23)?
40
55 - ((14 - -1) + 13 + -9 - 14)
50
Calculate 52 - ((39 - 20) + 1 + -7).
39
What is the value of (-483 - -425) + 4 + 37?
-17
Evaluate -10 + 9 - 17 - (6 - -11 - -4).
-39
What is (-4 - (-11 + (16 - 12))) + -31 - -13?
-15
What is the value of -1 + 48 - (-124 - -140) - (-5 + (-6 - -2))?
40
Evaluate (-1 - (0 - 14)) + (-264 - 160) + 542.
131
What is the value of -86 - (-25 + -101 - -15)?
25
2 + 40 + -4 + 3 + (-4 - -12)
49
What is 9 + (-7 - (107 + 13 + 7)) + -3?
-128
What is the value of -33 - (-23 + 35 + 35)?
-80
Calculate -10 + (43 - (-7 + 23 + (-9 - -8)) - 11).
7
-1133 + 1111 + (-4 + 0 - -76)
50
Evaluate (7 - 0) + (-8 - 2 - (-16 - 13 - 14)).
40
(0 - -2) + (-5 - -14) + -9 - 20 - -8
-10
What is the value of (-14 - -23) + (20 - -75)?
104
What is the value of 0 + -2 + -51 + -772 + 811?
-14
Evaluate 23 + -39 - 1 - -7 - (145 - 8).
-147
What is -2 - (-21 - -4) - (66 - (-57 - -116))?
8
Evaluate 39 + -98 - -23 - -11.
-25
-5 + -4 + 6 + (72 + -77 - (-68 + 0))
60
Evaluate 3 + (14 - 5 - -4) + (-1 + 14 - 105).
-76
What is the value of -10 + -3 + -1 + (10 - -15) + 34?
45
Evaluate -7 - (-8 - (-32 + -21 + (7 - 2))).
-47
Evaluate (-146 - 1) + (7 - -37) + -4.
-107
Calculate 83 + -38 + -12 + 16.
49
143 - (1 + 2 - ((-7 - 15 - -37) + -5))
150
Evaluate -14 + 8 + -2 - ((2 - 5) + (-4 - 71)).
70
Calculate 45 + (37 - (15 + -3 + 9)).
61
Calculate 21 + -1 - (494 + -466) - (-94 - -2 - -1).
83
What is the value of -9 + (3 - 14) + 26 - (26 + (0 - 0))?
-20
What is 105 - (116 - 28) - 14?
3
-3 - (3 + -143) - (7573 - 7541)
105
Calculate (2 - -31) + (2874 - 2925).
-18
Evaluate (-46 - -3) + 733 + -731.
-41
-3 + -1 + (32 + 11 + -10 - -44)
73
Evaluate 46 - 14 - (35 + -12 + 58).
-49
What is the value of (87 - 1) + (9 - (3 - -4)) + -6 + 8?
90
-59 - (10 - (21 - (-1 + 32 + -12)))
-67
What is the value of (-33 - 14) + 134 + -88?
-1
Evaluate -11 - (1 + 43 - 30 - -25).
-50
Calculate -6 + -44 + (6 + -12 + 3 - -5).
-48
30 - (-45 + (11 - -18))
46
Evaluate -118 + 0 - (4083 - 4246).
45
Calculate (-72 - (-54 - 1)) + -1.
-18
What is 1 + (10 - 13 - 31) + -56 + 61?
-28
What is -9 - (-4 + (2 - 0)) - 0 - (-184182 - -184096)?
79
92 + 14 + 16 + -23 + (4 - 3) + -4
96
What is the value of (55 - 2) + -2 + (8 - 42) + 38?
55
What is the value of -9 + (43 - (6 + 6 + -2 - (2 + 10)))?
36
Calculate (372 - 471) + 17 + 12.
-70
What is -226 - -271 - ((-9 - -26) + -1)?
29
What is the value of -11 + (3 + 1 - (-201 + 193))?
1
What is 47 - (151 + (-97 - 24))?
17
(-1 - 27) + (29 - -33 - 41)
-7
Evaluate 4 + (8 - 1) + 13 + -6 + -22 + 1.
-3
Evaluate 5 + (22 - 52) - (-12 + 15 + 5).
-33
Evaluate -4 - 5 - (-3 - (-14 - 4) - (151 - 92)).
35
Calculate 5 - (-8 + 34) - -14 - 27.
-34
Evaluate -8 + 90 + ((1 - -12) + -16 - 2 - 8).
69
Evaluate -51 + (1 - -33) + -22 - 9.
-48
-22 + 16 + 10 + -10 + -25
-31
What is the value of 8269 - 8396 - (-2 - 80)?
-45
What is -2566 + 2583 + (-38 - 0) - 29?
-50
-13 - (15 + (11 - (13 + 6)))
-20
What is (60 - (68 + -10)) + 10?
12
Calculate -16 - ((-5 + -14 - -130) + (2 - 16)).
-113
226 - (389 + -136 - 129)
102
What is the value of 74 + -73 + -24 - (-3 - -28)?
-48
Evaluate -49 + -2 - ((-4229 - -4194) + (19 - 0)).
-35
What is 7 + -9 + 14 - -11 - -46?
69
Evaluate 5780 + -5841 - (64 - -2).
-127
What is the value of 6 + -29 - (42 - 11)?
-54
Calculate -30 + (116 - 94 - (-5 + -16)).
13
-12 + 0 + -9 + (230 - 268)
-59
What is (2 - (6 - 3)) + (44 - 2) + (-56 - -37)?
22
(83 - (51 + 30)) + (-7 - -105 - -3)
103
Calculate -20 + ((-11 - -22) + -23 - -23).
-9
Calculate 32 + 12 + -4 + -25 + 27.
42
(-1 + -3 - -53) + (-40 - -32) + -1
40
What is the value of -92 + 76 - -29 - -33?
46
1500 - 1399 - (10 + 8)
83
What is the value of (1 - 1) + -14 + (12 - 7 - -5) + -23?
-27
What is -74 + 19 + -15 + -28 + 29?
-69
Calculate -16 + 0 + (-7 - -8 - 13 - -30).
2
Evaluate 51 - (87 - (26 + 17)).
7
What is -7 - -1 - (1 - 1) - (26 + (2 - 50))?
16
Evaluate (74 - 2) + (156 - 204).
24
What is (8 - 103) + 69 - (-3 + -20)?
-3
Calculate (0 + -15 - -37) + -4 - -24.
42
-48 + -41 + 9 - -32
-48
5 + 10 - (-243 - -257)
1
What is the value of (33 + (-60 - -29) - -2) + 50 + 1?
55
Evaluate (-73 - -87) + 37 + -13.
38
Calculate -6 - (6 - 1) - (-557 - -473).
73
Calculate -31 - -35 - (-2 - (-7 + 19)).
18
What is the value of -29 + (58 - 17) + -92?
-80
What is -34 + -8 + (-20 - -35) + -12 + 5?
-34
Calculate -1 + -34 + -1 - (3201 + -3192).
-45
What is 5 + 85 - (38 + -55 + 19)?
88
40 + -1 + -24 + -4
11
-587 + 588 + 1 + -31 - -100
71
Calculate -54 - -54 - -8 - ((-5 - -3) + 7).
3
Calculate 21 + (15 + -15 - 13) + (7 - -19).
34
What is the value of 102 + (-164 - (141 + -252))?
49
Calculate 12 - 18 - (-80 + -11).
85
Calculate 0 + -1 + -1 + (20 - 9) + (-11 - -61).
59
What is 1 + -41 - (-317 - -309)?
-32
What is the value of (0 - 0) + (-235 - -203) + 139?
107
Calculate 13 - (11 + -3) - ((-90 - -16) + -4).
83
What is the value of 50 + -7 - (-17 + 54 - 14)?
20
Calculate 17 + (-20 + 12 - 19 - -3).
-7
Calculate (-1 - -18 - (26 - 10)) + 4.
5
What is the value of 39 + (-64 - (-21 - 18))?
14
-5 + (-51 - 6) + 1
-61
22 + -19 + (38 - 42)
-1
Evaluate -61 - (-60 - -32 - 6).
-27
What is the value of -26817 - -26834 - (0 + 86 + 1)?
-70
Evaluate -1 - (0 - 4 - 46) - (223 - 210).
36
Evaluate 22 + (1 - (89 + -22 + 35)).
-79
What is the value of 7 - (29 - 25 - 0 - -30)?
-27
What is (-4 + 6 - 10) + 13 + 22 + -39?
-12
Evaluate (-5 - -14) + 15 + -17 + -21 + 2 - -61.
49
Calculate 29 - ((14 - (-3 + -35)) + -30).
7
-153 + 168 + (-14 + 3 - -5) - (-8 + 3)
14
What is -76 + 15 + 49 + -11?
-23
-8 - 2 - (17 + -7 - (22 - 72)) - 4
-74
Evaluate (-6 - -2 - -13) + 108 + -96 - 6.
15
Calculate (1 - -6 - 25) + -4 + -3.
-25
Calculate 53 + 15 - (-132 - -177).
23
-1 - (0 - -69) - ((54 - 4) + 862 + -917)
-65
47 + -37 + (17 - -4 - 8)
23
What is 14 + (25 - 10) + 49 + -5 + 10?
83
What is the value of -8 + (-82 - (-60 + 3))?
-33
What is 345 + -337 + (-5 + 5 - -3 - -96 - 1)?
106
Evaluate -20 + (22 + -1 + 24 - -9) + 7.
41
16 - (7 + 2 + (-24 + 118 - (-1 - -6)))
-82
Calculate -105 + 97 + (16 - -23).
31
What is (95 - 136) + 44 - (-1 + -7)?
11
Evaluate (10 - -4) + (-9 - (-3 + 3 - -7)).
-2
What is (5 - 28 - (38 - 25 - 14)) + (-1 - -12)?
-11
Evaluate 1 - 20 - (49 - 45) - -8.
-15
What is the value of 116 - (-1 - (37 - 106))?
48
What is 44 + (-22 - 61) - -46?
7
What is the value of (0 - -3) + -1 + -1 + (48 - 37 - 1)?
11
What is the value of -29 - ((-1 - 12) + (905 - 860))?
-61
What is the value of -27 - -21 - 29 - -18?
-17
-6 + ((-28 - -12) + -6 + 12 - -17)
1
Evaluate 3 + -9 + 1 + 54 + (10 - (15 + -6)).
50
Evaluate 33 + -54 + 31 + -79.
-69
Calculate -22 - (-51 + 21 + (0 - 4)).
12
Calculate (-3 - -2) + -2 - 42 - (-16 + -14 + 26).
-41
Calculate 96 + 8 + 17 + 12 + -7 + -6.
120
2838 + -2871 + -1 + -8
-42
What is (-88 - (32 - 136)) + 42 + 2?
60
What is the value of -7 - 0 - (-2590 - -2558)?
25
What is -26 + (28 - 8) - (-2 + 5 - (9 -